prime factors of 1462547488.
2, 29, 1576021
List the prime factors of 399283944.
2, 3, 1637, 10163
List the prime factors of 4583011634.
2, 1429, 1603573
What are the prime factors of 60762234?
2, 3, 13, 779003
What are the prime factors of 1825521910?
2, 5, 37, 4933843
What are the prime factors of 13770329?
13770329
List the prime factors of 61031035.
5, 13, 938939
List the prime factors of 43393635.
3, 5, 964303
What are the prime factors of 233225075?
5, 9329003
List the prime factors of 272298337.
11317, 24061
List the prime factors of 1326263840.
2, 5, 11, 17, 19, 2333
List the prime factors of 3910539291.
3, 17, 307, 249763
List the prime factors of 73398321.
3, 8155369
List the prime factors of 2979386248.
2, 59, 6312259
What are the prime factors of 213259565?
5, 23, 151, 12281
List the prime factors of 233690935.
5, 46738187
What are the prime factors of 2681021387?
11, 243729217
What are the prime factors of 818143562?
2, 409071781
What are the prime factors of 1874225285?
5, 8707, 43051
List the prime factors of 266418340.
2, 5, 31, 431, 997
List the prime factors of 657876843.
3, 13, 19, 23, 4289
List the prime factors of 305828785.
5, 61165757
What are the prime factors of 35890543?
13, 2760811
List the prime factors of 29519714.
2, 7, 2108551
What are the prime factors of 968190?
2, 3, 5, 59, 547
What are the prime factors of 5626601?
5626601
What are the prime factors of 5431364739?
3, 23, 313, 27943
List the prime factors of 153252608.
2, 598643
List the prime factors of 62047533.
3, 20682511
List the prime factors of 643830340.
2, 5, 37, 103, 8447
What are the prime factors of 49085963?
49085963
List the prime factors of 323949865.
5, 29, 353, 6329
List the prime factors of 66961385.
5, 17, 127, 6203
List the prime factors of 485238641.
485238641
List the prime factors of 907252295.
5, 163, 1113193
List the prime factors of 33052899.
3, 11, 953, 1051
What are the prime factors of 96426530?
2, 5, 9642653
List the prime factors of 18558114.
2, 3, 379, 8161
List the prime factors of 82335683.
19, 4333457
List the prime factors of 498906294.
2, 3, 19, 23, 179, 1063
List the prime factors of 85230270.
2, 3, 5, 47, 20149
List the prime factors of 7739981.
17, 109, 4177
List the prime factors of 267408432.
2, 3, 19, 32579
What are the prime factors of 124508522?
2, 23, 577, 4691
What are the prime factors of 57612546?
2, 3, 355633
What are the prime factors of 5092523538?
2, 3, 67, 12667969
What are the prime factors of 574818146?
2, 7, 41058439
What are the prime factors of 4143829836?
2, 3, 29, 59, 201823
List the prime factors of 1380763983.
3, 9521, 48341
What are the prime factors of 86573175?
3, 5, 13, 88793
List the prime factors of 1305235983.
3, 421, 1033441
List the prime factors of 66402659.
66402659
What are the prime factors of 90548789?
90548789
What are the prime factors of 25599621?
3, 23, 41, 9049
What are the prime factors of 45453858?
2, 3, 7575643
List the prime factors of 7973147359.
241, 4519, 7321
What are the prime factors of 1373887698?
2, 3, 31, 7386493
List the prime factors of 223126186.
2, 111563093
List the prime factors of 906492644.
2, 226623161
What are the prime factors of 10540200?
2, 3, 5, 11, 1597
What are the prime factors of 37227702?
2, 3, 59, 103, 1021
What are the prime factors of 461127821?
7, 11, 31, 193183
List the prime factors of 888917804.
2, 2207, 100693
List the prime factors of 162777417.
3, 11, 23, 214463
What are the prime factors of 929296399?
1481, 627479
List the prime factors of 106558110.
2, 3, 5, 587, 2017
List the prime factors of 114492204.
2, 3, 97, 3643
What are the prime factors of 25765554?
2, 3, 4294259
List the prime factors of 2686595.
5, 17, 31607
List the prime factors of 4097546131.
7, 585363733
List the prime factors of 94015412.
2, 23503853
List the prime factors of 8794782.
2, 3, 359, 1361
What are the prime factors of 127894553?
17, 29, 259421
What are the prime factors of 31944632?
2, 17, 31, 7577
List the prime factors of 44832768.
2, 3, 7297
List the prime factors of 1552231568.
2, 97014473
What are the prime factors of 59228681?
19, 3117299
What are the prime factors of 88569038?
2, 127, 157, 2221
List the prime factors of 159117845.
5, 43, 149, 4967
What are the prime factors of 1680930112?
2, 31, 71, 11933
List the prime factors of 32174388.
2, 3, 297911
What are the prime factors of 52102301?
631, 82571
What are the prime factors of 16361136?
2, 3, 11, 313
List the prime factors of 1921889738.
2, 960944869
What are the prime factors of 6000575127?
3, 131, 389, 39251
List the prime factors of 355166255.
5, 251, 283001
What are the prime factors of 1364903218?
2, 7, 47, 2074321
List the prime factors of 89579240.
2, 5, 151, 14831
List the prime factors of 186754431.
3, 62251477
What are the prime factors of 2345636408?
2, 821, 357131
What are the prime factors of 127624780?
2, 5, 17, 375367
List the prime factors of 214878617.
83, 2588899
What are the prime factors of 1506277801?
7, 19, 11325397
What are the prime factors of 44585717?
11, 149, 2473
What are the prime factors of 75651161?
263, 313, 919
List the prime factors of 381037179.
3, 1163, 109211
List the prime factors of 2811456950.
2, 5, 113, 497603
List the prime factors of 204906410.
2, 5, 59, 347299
What are the prime factors of 757286175?
3, 5, 10097149
What are the prime factors of 1081844591?
19, 37, 59, 26083
What are the prime factors of 2279205780?
2, 3, 5, 47, 808229
List the prime factors of 2728905405.
3, 5, 181927027
What are the prime factors of 145655868?
2, 3, 12137989
What are the prime factors of 99852938?
2, 103, 109, 4447
What are the prime factors of 258688407?
3, 67, 1287007
What are the prime factors of 2691296822?
2, 859, 1566529
What are the prime factors of 60631600?
2, 5, 151579
List the prime factors of 1110847788.
2, 3, 5281, 5843
List the prime factors of 4058847170.
2, 5, 7, 109, 181, 2939
List the prime factors of 168214944.
2, 3, 1752239
List the prime factors of 8533300.
2, 5, 85333
What are the prime factors of 43672580?
2, 5, 7, 37, 8431
What are the prime factors of 28773317?
28773317
What are the prime factors of 53759?
53759
What are the prime factors of 2806150213?
23, 67, 27179
What are the prime factors of 213845977?
37, 67, 86263
What are the prime factors of 371742808?
2, 17, 2733403
List the prime factors of 955587602.
2, 477793801
What are the prime factors of 8705201?
23, 311, 1217
What are the prime factors of 80970446?
2, 227, 178349
List the prime factors of 62972710.
2, 5, 107, 229, 257
List the prime factors of 1208508810.
2, 3, 5, 373, 107999
What are the prime factors of 269856132?
2, 3, 7, 13, 43, 821
What are the prime factors of 5211297267?
3, 11, 3209, 49211
What are the prime factors of 218364591?
3, 67, 1086391
List the prime factors of 23149971.
3, 13, 17, 103, 113
List the prime factors of 17685874.
2, 8842937
List the prime factors of 138232102.
2, 69116051
What are the prime factors of 100574406?
2, 3, 1862489
What are the prime factors of 45506681?
11, 4136971
List the prime factors of 39718116.
2, 3, 1103281
What are the prime factors of 568053797?
47, 12086251
List the prime factors of 771785481.
3, 61, 199, 21193
What are the prime factors of 2121974526?
2, 3, 7, 23, 95507
List the prime factors of 213277900.
2, 5, 11, 41, 4729
List the prime factors of 9940804.
2, 61, 131, 311
What are the prime factors of 20876404?
2, 29, 179969
List the prime factors of 155499050.
2, 5, 7, 9067
What are the prime factors of 1898410363?
23, 82539581
List the prime factors of 117959054.
2, 59, 999653
List the prime factors of 50323314.
2, 3, 8387219
List the prime factors of 70921946.
2, 19, 1866367
What are the prime factors of 160722793?
7, 11, 298187
What are the prime factors of 3248485318?
2, 13, 389, 321187
List the prime factors of 1877769122.
2, 938884561
What are the prime factors of 4656086?
2, 73, 31891
List the prime factors of 1342012361.
677, 1982293
List the prime factors of 8953360097.
11, 17, 997, 48023
List the prime factors of 47803598.
2, 2003, 11933
List the prime factors of 5354795240.
2, 5, 2917, 45893
List the prime factors of 966256418.
2, 1579, 305971
List the prime factors of 102581353.
7, 37, 59, 137
List the pr